Let q be (-2 + 0)*-6 - 0. Suppose 0 = 5*n - 2*o - 12, 4*o = 4*n - 0*n - q. List the prime factors of (-68)/(-8) + n/(-4).
2
Let m be 1 - 9/(-1) - -2. Let x = -5 + m. What are the prime factors of x?
7
Suppose 0 = 7*v - 9*v + 4. Let l = -2 + 4. What are the prime factors of (v + -3)/((-1)/l)?
2
Suppose c + 22 = 5*u + 5, -c + 15 = 3*u. Let h be -1 - -1 - (0 + -22). Suppose -2 = -c*o + h. List the prime factors of o.
2
Suppose 5*u - 1385 = 820. What are the prime factors of u?
3, 7
List the prime factors of (55/2)/((-3)/(-6)).
5, 11
Let a(o) = -o - 12. Let y be a(-5). Let h(m) = m**3 + 6*m**2 - 8*m + 2. List the prime factors of h(y).
3
Suppose 5*q = -0*q - 5*k + 20, -5*q = 3*k - 12. Suppose 3*o = -q*o + 36. List the prime factors of o.
2, 3
Let m = 1 - -3. Let i(t) = -t - 1 + m*t + t. What are the prime factors of i(2)?
7
Let x be (2 - 2) + -1 + 12. Suppose -y + 39 = 3*f, -2*f - y + 14 = -x. List the prime factors of f.
2, 7
Let n(u) = 7*u - 1. Let j be n(-1). Let i = 8 + j. Let w(m) = m**2 - m + 9. What are the prime factors of w(i)?
3
List the prime factors of (-3 - -72)*1 + -2.
67
Suppose 14*o - 308 = 1862. What are the prime factors of o?
5, 31
Let w be (-172)/20 + 4/(-10). Let h be ((-21)/w)/(1/12). Suppose -3*t + 2*m + 14 = -4, -4*t + 4*m = -h. List the prime factors of t.
2
Let c be 21/3*4/14. Suppose h - 5 + c = 0. What are the prime factors of h*1*(-24)/(-9)?
2
Suppose 115 = 2*g + m, 0 = -4*g + m + 58 + 157. What are the prime factors of g?
5, 11
Suppose 3*l + 2*a = -33, 15 = -l - 3*a + a. Let s be 2*1 + l/3. List the prime factors of 14 + (-1 + s)/2.
13
What are the prime factors of (-2)/(-10) - 174/(-30)?
2, 3
Let v(z) = z + 21. Let q(g) = g**3 - 3*g**2 + 3*g - 3. Let l be q(4). Let o = l - 35. What are the prime factors of v(o)?
11
Suppose -10*d + 4*d + 330 = 0. What are the prime factors of d?
5, 11
Let v = 4 - 10. Let m = 2 + v. Let t = 6 + m. List the prime factors of t.
2
Let o = -3 + 15. List the prime factors of o.
2, 3
Let x(g) be the second derivative of -g**3/2 - 3*g**2/2 - 2*g. List the prime factors of x(-5).
2, 3
Suppose -5*p = -53 - 7. Let q = 1 + p. List the prime factors of q.
13
List the prime factors of 9*34 + 0 - (2 - 0).
2, 19
Suppose -10 - 30 = -5*m. Suppose -k + 10 = -m. Let y = -9 + k. List the prime factors of y.
3
Let u be ((-1)/1*0)/(-1). Suppose u = -8*q + 3*q - 25. Let h = -3 - q. List the prime factors of h.
2
Suppose 8 = -4*k, m + 2*k + 85 = 2*m. What are the prime factors of m?
3
Suppose -3*g = 127 - 325. List the prime factors of g.
2, 3, 11
Suppose 0 = -3*z + t + 29, -4*z + 0*z = 3*t - 17. Let r = -3 + z. List the prime factors of r.
5
Suppose -4*m + 5*i = -17, -3*m + 2*i = -11 - 0. List the prime factors of m.
3
Let s be 18/(-22) + (-2)/11. Let t = s - 0. What are the prime factors of 2 - -18 - (-2 - t)?
3, 7
Suppose -4*z + 114 = -z - 2*p, -5*p - 185 = -5*z. Suppose -20 = -3*k + z. Suppose b + 1 - 6 = -2*r, k = b - 3*r. What are the prime factors of b?
11
Suppose 2*k - 88 = -2*y, k + y = -3*k + 191. What are the prime factors of k?
7
Suppose -s - 3*l = -5 - 53, -3*l + 144 = 3*s. List the prime factors of s.
43
Suppose 2*i - 4*a + 14 = 120, 4*i = 4*a + 204. Suppose 3*f + 16 = i. List the prime factors of f.
11
Let f(m) = -19*m + 24. What are the prime factors of f(-8)?
2, 11
Let x = -214 + 318. List the prime factors of ((-6)/(-4))/(12/x).
13
Let z be (12 - 26)/((-2)/(-4)). Let t = z + 50. What are the prime factors of t?
2, 11
Suppose 2*a - 4 = -0. Suppose a*l - 65 = -3*t + 32, 0 = -5*t + l + 179. List the prime factors of t.
5, 7
Suppose 3*d + 140 = 5*x, d + 24 = -4*x - 0. Let p = -60 - d. Let h = p - -39. What are the prime factors of h?
19
Suppose 0 = 4*x + x - 5*s - 30, -24 = -4*x + 2*s. List the prime factors of (52/6)/(x/9).
13
Let b be 3/6 - (-3)/2. Suppose 0*d + b = -d, 0 = -m - 3*d + 6. What are the prime factors of m?
2, 3
Suppose 58 = -4*d + 10. Let c = -2 - d. What are the prime factors of c?
2, 5
Let u(g) = 4*g**3 + 3*g**2. Let s be u(-2). Let z = s + 2. What are the prime factors of (-4)/(-18) + (-140)/z?
2
Let x(y) = y**2 + 4*y + 6. Let g be x(-4). Suppose g*d - 52 = 2*d. What are the prime factors of d?
13
Let f = 17 + -5. What are the prime factors of 46/11 + f/(-66)?
2
Let k(w) = w**3 + 8*w**2 - 6*w + 2. List the prime factors of k(-7).
3, 31
Let h(j) = -j. List the prime factors of h(-11).
11
Let s = 24 - 11. List the prime factors of s.
13
Let p = 149 - 41. What are the prime factors of p?
2, 3
Suppose -3*r = 2*r - v - 233, r - 43 = -v. List the prime factors of r.
2, 23
Suppose -3*c - 21 = -2*i, -6 - 27 = -4*i - 3*c. Suppose -2*x = -5*x + i. Suppose t + 8 = x*t. What are the prime factors of t?
2
Suppose 0 = -r + 4*k + 30, -2*r - 2*k + k = -60. Suppose -z + 70 - r = 0. Suppose -g - 3*g = -z. What are the prime factors of g?
2, 5
Let m be 2/(-11) + 210/66. Suppose m*v = -0*v. Let j(b) = b**2 + 8. List the prime factors of j(v).
2
Let p = 347 - 102. List the prime factors of p.
5, 7
Suppose 78 = 2*o - 0*m + m, 2*m + 148 = 4*o. List the prime factors of o.
2, 19
Let j = -26 - -64. What are the prime factors of j?
2, 19
Let s = -45 + 270. What are the prime factors of s?
3, 5
Let w(g) = -g**2 - 18*g - 12. Let q be w(-12). What are the prime factors of 354/10 - 24/q?
5, 7
Suppose 5*t = 3*i - 8*i - 275, -t - 106 = 2*i. Let n = -35 - i. What are the prime factors of n?
2
Suppose -3*q - 2*q - 45 = 0. Let w be ((-1)/3)/(3/q). Let h = 7 - w. List the prime factors of h.
2, 3
Let l be (0/(-1) - -1) + 1. Suppose d + 81 = 4*a - 143, 2*a - 130 = 5*d. What are the prime factors of l/(-11) + 725/a?
13
Suppose -2*y + 2*b - 5*b + 326 = 0, -2*y + 324 = 4*b. List the prime factors of y.
2, 83
Suppose -t = -2*t + 2. Suppose 0 = -5*c + c + t*d + 98, -5*c + 3*d + 121 = 0. What are the prime factors of c?
2, 13
Let p be (-2)/(-5) + 23/5. Let j be 2 + 0 + -3 + p. Suppose -2*m - k + 25 = 2*m, j*k + 26 = 2*m. What are the prime factors of m?
7
Let z(v) = -v - 2. Let n be z(-2). Suppose -p + n*p = -17. What are the prime factors of 3/9 - p/(-3)?
2, 3
Let t(y) = -y + 7. Let r be t(7). Suppose r = c + c. List the prime factors of 4/(2 - c) - -7.
3
Suppose 5*f - 160 = 4*x, 2*f + 0*x - 77 = -x. What are the prime factors of f?
2, 3
Suppose -9*n = -5*n - 88. Suppose -4*i + n = -3*i. What are the prime factors of i?
2, 11
Let t(j) = -j - 6. Let n be t(-6). Suppose -5*s + 4*b + 70 = n, 2*b = 3*s - 2*b - 50. What are the prime factors of s?
2, 5
Let b be (-2)/((6/7)/3). Let c(k) be the second derivative of -k**5/20 - k**4/2 + 5*k**3/6 + 5*k**2/2 - 33*k. What are the prime factors of c(b)?
19
Let i(f) = 5*f**2 - 3*f**2 - 25*f**3 + 2*f - 4*f**2 + 73*f**3. List the prime factors of i(1).
2, 3
Suppose -k = -2, -q - 4 = -5*q - 4*k. Let g = q + 19. What are the prime factors of g?
2, 3
Suppose -5*t + 73 = -4*u, -t - 3*u = -2*u - 11. Let d = 7 - t. Let z = d - -18. What are the prime factors of z?
2, 3
Suppose 4*z - 10 = -3*b, 2*z - 4*b = -0*z + 16. Let f = z + 21. What are the prime factors of f?
5
Let s(v) = 3*v**3 - 5*v + 10*v**2 - 2 - 4*v**3 - v. Let h be s(9). Suppose -4*c + h = c. List the prime factors of c.
5
Let w be ((-8)/(-5))/(6/15). Suppose w*s + 0*s - 172 = 0. List the prime factors of s.
43
Let y = -21 + 69. List the prime factors of y.
2, 3
Suppose -4*z = -2*d + 3*d - 28, -4*d - 5*z = -112. Suppose 0 = 4*c - 0*x - 2*x - d, -3*x = -5*c + 37. What are the prime factors of c?
5
Let q = -3 - 1. Let n(x) = -3*x**3 - 2*x**2 + 5*x - 3. Let y(r) = 10*r**3 + 6*r**2 - 15*r + 10. Let o(v) = 7*n(v) + 2*y(v). List the prime factors of o(q).
11
Suppose 0 = 6*x - 9*x + 96. What are the prime factors of x?
2
Let d be 37/4 - 1/4. Let f = d + -13. Let w = 7 + f. List the prime factors of w.
3
Let s = -14 - -11. Let w be 0 - 0*s/6. Suppose -120 = -w*r - 5*r + 4*p, r - p = 25. List the prime factors of r.
2, 5
Let a = -24 + 52. What are the prime factors of a?
2, 7
Let l(i) = -11*i**3 - 2*i**2 - 2*i - 1. Let h be (3/2)/((-12)/(-16)). Let m = -3 + h. List the prime factors of l(m).
2, 5
Suppose 0 = 7*u - 249 - 234. List the prime factors of u.
3, 23
What are the prime factors of ((-39)/(-15))/((-3)/(-15))?
13
Suppose -5*t = -t - 36. Let i = -4 + t. What are the prime factors of i?
5
Let v = -3 + 5. Suppose -o + v*o = 12. W